3*d(w). What is s(-6)?
2
Let x(b) be the first derivative of -b**3/3 - 15*b**2/2 - 16*b + 4. Give x(-12).
20
Suppose 5*b = 4*b + 3. Let p(i) = -7*i**2 + 4*i**2 + 4 - i**b - 4*i**2. Let t be (-2 - 6/4)*(-12 + 308/22). What is p(t)?
4
Let m = 47 + -33. Let l(q) = 3 - 13*q**3 - 2*q + m*q**3 - 3. Suppose 0 = 5*b + 4*o + 10, -5*b = 2*o - 0*o. Give l(b).
4
Let i(j) = -j - 3. Let g be i(-9). Let b(t) = 7*t + g - 2*t - 7. Calculate b(-2).
-11
Let d(v) = 2 - 20*v - 3 - 2*v**2 + 21*v. What is d(2)?
-7
Let u(d) = -d**2 + 2*d - 1. Let l be (-4)/(-2) + 0 - 1. Let p be u(l). Let f(m) = p*m - 5*m + m - m**2 - 5 - 2*m. Calculate f(-4).
3
Let f(b) = -2*b**3 - 2*b**2 + 4*b - 1. Let g(n) = 2*n**3 + 2*n**2 - 5*n + 1. Suppose 28 = 6*v + 4. Let l(h) = v*g(h) + 5*f(h). What is l(-2)?
7
Let i(q) = -q - 9. Let j = 11 + -7. Suppose 0 = t - 2*w + 12 - 4, -16 = -t - j*w. Suppose -k - k = t. Calculate i(k).
-9
Let j(n) be the third derivative of -n**4/24 - 6*n**2. Let t be 3/2*4 - 1. Let y(z) = z**2 - 8*z + 10. Let v be y(t). Determine j(v).
5
Let c(n) = -n**2 + 4*n - 1 + 4 - 6*n. Let j(s) = -s**2 + 7*s + 1. Let f be j(5). Suppose 6*r + 7 = -f. Determine c(r).
0
Let l(b) = 4*b. Let c be -9 + -5 + 4 + 1 + 1. Let t be 3/4 + c/(-32). What is l(t)?
4
Let l = -133 - -133. Let p(k) = k**3 - k**2 - 4. Give p(l).
-4
Let b(a) be the third derivative of -a**6/120 + a**5/12 + 5*a**4/24 + 5*a**3/6 - 99*a**2. Give b(6).
-1
Let j(h) = -12*h**2 + 18*h**2 + 5*h + 2*h**3 - h**3. Let w = 41 + -25. Suppose -w = 4*q + 3*y + y, 2*q + 15 = 5*y. Give j(q).
0
Let y be (4/(-10)*3)/((-2)/(-10)). Let b(t) = t + 3*t + t**2 + 5 + 3 + t. What is b(y)?
14
Suppose 3*v + 33 = 3. Let h(r) = -r - 15. Give h(v).
-5
Let f(y) = -5*y**2 - 2*y**2 + 8*y**2. Let d(m) = -3*m**2 + 5*m + 1. Let l(u) = -d(u) - 4*f(u). Calculate l(-3).
5
Let a(s) = s**3 - 7*s**2 - 7*s + 4. Suppose 57*k + 88 = 68*k. Give a(k).
12
Let g(z) = -3*z**3 + 3*z**2 + z - 8. Let f(p) = 4*p**3 - 2*p**2 + 9. Let m(u) = 4*f(u) + 5*g(u). Give m(-6).
2
Suppose 5*p = 2*x - 5, 2*p + p + 3 = x. Let m = p - 0. Let l(a) be the first derivative of 7*a**2 + 1397. What is l(m)?
-14
Let z(a) = -a**2 + 11*a - 3. Let o = -178 + 188. What is z(o)?
7
Let h = 2 + 0. Let o(y) = -9*y + 9 + 9*y**2 + 0*y**h - y**2 + 0*y - y**3. Let w(s) = -3*s**2 + 23*s + 15. Let l be w(8). Determine o(l).
-5
Let k(a) = 9*a + 13. Let w(f) = -5*f - 7. Let p(j) = 3*k(j) + 5*w(j). Suppose 4*i - 14 = -2*y, 2*y - 3*y + i + 1 = 0. What is p(y)?
10
Let d(n) = n**3 - 4*n**2 + 2*n - 2. Suppose r - 2*r - 8 = 0. Let y(f) = -f. Let u(m) = m**2 + 9*m + 2. Let h(p) = u(p) + y(p). Let s be h(r). Give d(s).
-6
Let r(i) be the second derivative of i**5/20 - i**4/3 - 7*i**3/6 - i**2 + 2*i + 34. Give r(6).
28
Let b(x) = -x**2 + 3*x + 1. Let o = 24 - 20. Let s = 8 - o. Calculate b(s).
-3
Let j(a) = -6*a**3 - a**2 + 3*a - 2. Let l(k) = -2*k**2 - 1 - 3*k**2 + 4*k**2 - k**3. Let c = 23 - 22. Let g(u) = c*j(u) - 5*l(u). Calculate g(5).
-7
Let i(k) = -3*k**2 + 17*k + 12. Let m(r) = 2*r**2 - 12*r - 8. Let c(g) = 5*i(g) + 7*m(g). What is c(4)?
-8
Let c(i) = -5*i + 6. Let t(s) = 9*s - 10. Let p(f) = -1. Let b(y) = -2*p(y) - t(y). Let o(m) = -6*b(m) + 11*c(m). Let x be 4/(-2) + 0 + 2. What is o(x)?
-6
Let o(k) be the first derivative of -2*k**2 + 11*k - 275. Determine o(-8).
43
Suppose v = -m, 7*v = 4*m + 4*v - 7. Let h be -1*2*m - -4. Let j(d) = 19 - 16 + 2*d**3 - 3*d**3 + 2*d**3 - 4*d. Determine j(h).
3
Suppose 0*s - s - 11 = 0. Suppose -8*j = -0*j + 32. Let v(b) = -5*b**2 + 2*b + 2. Let u(a) = 14*a**2 - 7*a - 6. Let r(n) = j*u(n) + s*v(n). Calculate r(6).
2
Let p be ((-51)/9 + 4)*3. Let i(k) = -17 - 3*k + 2 - 4*k - k**2 + 8. What is i(p)?
3
Let g(n) = -n + 5. Suppose -6*l + 26 = -28. Determine g(l).
-4
Let g be ((-7)/21)/(2/66). Suppose 3*r = 8*r + 75. Let z = g - r. Let v(o) = o**3 - 5*o**2 + 5*o - 1. Calculate v(z).
3
Let j(x) be the first derivative of x**3/3 - 3*x**2/2 + 3*x - 319. Suppose 4*g - 5*g = 4. Let o = 9 + g. Calculate j(o).
13
Let j(s) be the first derivative of -s**3 - 3*s**2/2 + 13*s - 410. Give j(-3).
-5
Let d(t) = 18*t + 6. Let l(h) = 32*h + 13. Let f(o) = 5*d(o) - 3*l(o). Calculate f(-4).
15
Suppose 5*v = 4*i - 17, -2*i + 6 = -8*v + 6*v. Let m(t) = t**2 + 8*t + 9. What is m(v)?
-6
Let p(w) = w**3 + 3*w**2 - 3*w + 1. Suppose -77 = 19*u - 1. Determine p(u).
-3
Let f(s) be the third derivative of -s**5/60 - 5*s**4/24 + s**3 - 3*s**2 - 3*s. Give f(-5).
6
Suppose 1 = -2*x + 7. Let n be (-17)/102 - (-98)/12. Let v(c) = c - 2*c + c**2 + 6 + 1 - n. Calculate v(x).
5
Suppose g - 33 = -3*d - 2*d, 0 = 5*d - 3*g - 21. Let x be d/12*(2 + -8) + 3. Let k(q) = -q + 6. Calculate k(x).
6
Let a(f) = 2*f - 3. Suppose -5*l + 35 = -3*c, l + c + 2 - 1 = 0. Suppose 5*b = 5*i + 20, 3*i + b + l*b + 44 = 0. Calculate a(i).
-19
Let k(t) = -t**3 + 2*t**2 + t + 4. Let x be k(3). Let j(r) be the second derivative of r**3 + r**2 - 33*r. Determine j(x).
-10
Let t(k) be the third derivative of -k**5/20 + 3*k**4/8 + 7*k**3/6 + 12*k**2. Let z(f) = -2*f**2 + 6*f + 5. Let p(b) = 5*t(b) - 8*z(b). Determine p(4).
-1
Let k(x) be the second derivative of x**6/120 - x**5/60 + x**4/8 - x**3/3 - 3*x**2 + 5*x. Let u(y) be the first derivative of k(y). What is u(2)?
8
Let x(q) = -3 - 2 - q**2 + 2 + 6*q + 12*q - 4*q. Determine x(8).
45
Let q(c) = -c**3 + c**2 - c - 7. Let i be 28/63 - 8/18. Calculate q(i).
-7
Let w(x) = -2*x**3 - 5*x**2 + 2*x + 10. Let q(i) = i**3 + 3*i**2 - i - 5. Let a(v) = 7*q(v) + 3*w(v). Let r = -37 + 16. Let j be (-2)/(-7) + 132/r. Give a(j).
1
Let c(w) be the second derivative of -w**5/20 - w**4/4 + w**3/2 - w**2/2 + 4*w. Determine c(2).
-15
Let x(m) = -3*m - 7. Suppose 6*r - f = 2*r - 16, -f = r + 9. Let u(d) = -4*d - 8. Let b(l) = r*x(l) + 4*u(l). Calculate b(3).
0
Let t(z) be the first derivative of z**3/3 + 7*z**2 + 11*z + 63. Calculate t(-11).
-22
Let s(u) be the first derivative of u**3/3 + 3*u**2 - 49*u - 121. What is s(-11)?
6
Suppose 15 = 9*u - 30. Let c(g) = g - 11. Calculate c(u).
-6
Let n(l) = -1. Let b(z) = -2*z - 12. Let d(h) = -b(h) + 8*n(h). Let o(i) = 3*i + 3. Let y(c) = 4*d(c) - 5*o(c). Let v be ((-1 - 0) + 100/125)*-5. What is y(v)?
-6
Let d(c) = -c**3 - 4*c**2 + 3*c - 1. Suppose 0 = 7*l + 104 - 251. Suppose 4*x - 16 = -0. Suppose -3*t - l = -u + x*u, -4*t - 16 = -2*u. Calculate d(t).
9
Let f(g) = -g**3 + 4*g**2 + 3*g + 1. Let d(s) = 5*s. Let t be d(4). Let j = 372 - 370. Suppose -j*r = 2*y - t, 0*y - 5*y + r + 20 = 0. Calculate f(y).
-9
Let q = 17 - 16. Let u be (15 + -17)/(q - 2). Suppose -j - 9 = y, 15 + 18 = -5*j - u*y. Let t(v) = v**2 + 5*v + 4. Determine t(j).
4
Let g(q) = 3*q - 10. Let p(b) = 5*b - 20. Let i(y) = 7*g(y) - 4*p(y). Give i(7).
17
Let p = -64 - -61. Let u(t) = t. Give u(p).
-3
Let l(s) = 3*s + 11*s + 2*s - 26*s + 9*s. Calculate l(-3).
3
Let a(h) be the second derivative of h**4/12 + h**3/6 - 9*h**2/2 - 2*h - 74. Calculate a(-3).
-3
Let v(z) = 2*z**2 + 0*z + z**2 + z. Let u(i) = -11*i - 7. Let p be u(-1). Suppose 0 = -p*h + 5*t - 0*t - 29, 4*t - 25 = 5*h. Determine v(h).
2
Let p(x) = -x**2 - 13*x + 18. Let y(g) = 2*g**2 + 39*g - 52. Let h(w) = 8*p(w) + 3*y(w). Determine h(6).
-6
Let v = -4152 + 4148. Let j(w) be the first derivative of -w**3/3 - 3*w**2 - 2*w + 1. What is j(v)?
6
Let v(q) = 11*q**2 + 7*q - 1. Let b(m) = 4*m**2 + 2*m. Let i = 41 - 38. Let l(j) = i*v(j) - 8*b(j). Give l(-4).
-7
Let r(k) be the second derivative of -k**4/12 - k**3/2 - 3*k**2/2 + 6*k. Let c = 6 - 8. Calculate r(c).
-1
Let j(u) = -u**3 - 10*u**2 - 17*u - 7. Let z be j(-8). Let p(w) = -12*w + 9*w + z - 4*w + w**2. Suppose -5*h + 4*h = -6. Calculate p(h).
-5
Let v be 4/(-28) + (-15)/(-7). Let g(s) = s**v - 5 + 256*s - 531*s + 267*s. Calculate g(6).
-17
Let v(u) = -16 - 10 + 1712*u - 888*u - 2*u**2 - 861*u. Determine v(-18).
-8
Let t = 55 + -55. Suppose -4*h + 0*h + k + 34 = t, 0 = 4*h - 2*k - 32. Let x(m) = -m**2 + 8*m + 8. Calculate x(h).
-1
Let q = 12 + -9. Let x(l) = -6*l**2 - 3*l**2 + 0*l**2 + 2*l - 5*l**2 + 13*l**2 + 4. Calculate x(q).
1
Let z(h) = 5*h**2 - 2*h - 1. Let p(o) = -43 + 40 - 8*o + 14*o**2 + 2*o. Let m(c) = -2*p(c) + 7*z(c). Give m(-1).
8
Let z = -84 - -75. Let l(i) = -i**2 - 6*i. Calculate l(z).
-27
Let m(w) = 511*w - 512*w + 1 + 1 - 1. Suppose 0 = -2*r + 1 + 1. What is m(r)?
0